se r + 6 = g. Calculate the highest common factor of g and 99.
9
Suppose 2*p - p = 5. Suppose 0*x - p*x = -10. Suppose -78 = m - 2*m + 4*c, 3*c + 146 = x*m. Calculate the greatest common divisor of 10 and m.
10
Suppose 0 = -4*a + 48 - 0. Let g = 62 + -32. Calculate the highest common divisor of a and g.
6
Let s be 14 + -1*(-3)/(-3). Calculate the highest common divisor of 91 and s.
13
Let j = -3 + 9. Let i(q) = 2*q + 8. Let l be i(j). Suppose 0*k = 3*k + p - 32, -k + 4 = -3*p. Calculate the greatest common divisor of l and k.
10
Let p be (0 + (-1 - -16))/(-1). Let r = p + 26. What is the highest common factor of 1 and r?
1
Let h(n) = -n**3 - 9*n**2 - 9*n - 4. Let b be h(-8). Calculate the highest common factor of b and 4.
4
Let s = 125 - 93. What is the highest common factor of 8 and s?
8
Let m(a) = 21*a - 2. Let v be m(-5). Let i = v - -207. Suppose 2*p - 2*u - 46 = 0, 3*u - 18 = -5*p + 73. What is the highest common factor of p and i?
20
Let u(n) be the first derivative of 25*n**3/3 - n**2/2 - n - 2. Let q be u(-1). Calculate the greatest common factor of q and 25.
25
Let f(y) = y**2 - 10*y + 21. Let m be f(-9). Calculate the highest common divisor of m and 12.
12
Suppose 0*y + 16 = y. Suppose -y = -p - 4*b, -1 = -3*p - 4*b + 47. Calculate the highest common divisor of 176 and p.
16
Let j = 1 - 0. Let h = j + 9. Let a = -2 + 4. What is the greatest common factor of a and h?
2
Suppose -1 = -b - 0. Let x(m) = 130*m + 1. Let z be x(b). Let i = -61 + z. Calculate the highest common factor of 28 and i.
14
Let l(j) = -5*j + 6. Let g be l(-6). Let c be 38/6*3*3. Suppose o - 33 = c. Calculate the greatest common divisor of o and g.
18
Suppose 4*v - 2*p - 82 = -26, -3*v - 3*p + 51 = 0. Calculate the greatest common factor of v and 10.
5
Let g be 4/18 - (-1942)/9. Let r(d) = -2*d**3 - 10*d**2 + 9*d + 6. Let u be r(-6). Calculate the greatest common factor of u and g.
24
Let u(t) = t**2 - 1. Let g be ((-1 - -2) + 2)/1. Let p be u(g). What is the greatest common divisor of 64 and p?
8
Let y be (-435)/(-3) - (-5 - -6). What is the greatest common divisor of 18 and y?
18
Let r = -7 - -10. Suppose -5*w + r*w = 0. Suppose 0*b - b + 20 = w. Calculate the greatest common divisor of 20 and b.
20
Suppose -p - 3 = -8. Let t(y) = 2*y**3 - 29*y**2 + 16*y - 18. Let k be t(14). What is the highest common divisor of p and k?
5
Suppose 2*t + 4*k = 84, -13 = t - 2*k - 51. What is the highest common factor of 8 and t?
8
Suppose -27*c + 25*c + 28 = 0. Calculate the highest common factor of 84 and c.
14
Let f = 6 - -9. Let a be ((-3)/6)/(4/(-80)). What is the greatest common divisor of f and a?
5
Let q be 1 - (0 + 1 - 0). Suppose 2 = 4*l - 2*h - q, h = l. Let y(w) = 19*w**2 + w. Let p be y(l). What is the greatest common factor of p and 5?
5
Let t(u) = 38*u**2 + 2*u + 0*u + 1 - 2. Let i be t(1). Let a be 0/(-6 - -8) - -13. What is the highest common divisor of i and a?
13
Let l(z) = z**2 - 8*z + 5. Let m be l(8). Suppose -v - 5*t = -7, -m*t = -v - 3*t + 7. Calculate the greatest common divisor of 7 and v.
7
Let r(u) = u**3 + 3*u**2 - 2. Let p be r(-6). Let t = p + 210. Calculate the greatest common factor of t and 25.
25
Let z = 3 - 4. Let v be z*5/2*-2. Let y be (-217)/(-3) - v/15. What is the greatest common factor of 8 and y?
8
Suppose -5 - 3 = 2*t. Suppose -5*n + 7*h = 4*h - 5862, 3*n - 3524 = -5*h. Let u be n/18 - t/(-24). Calculate the highest common divisor of 13 and u.
13
Let q be (-1 - 16)*(0 + 0 - 2). What is the highest common factor of 170 and q?
34
Let r = -1 + -1. Let h(g) = g**3 + 2*g**2 + 1. Let z be h(r). What is the highest common factor of z and 4?
1
Let g be (-1)/2 + 10/4. Suppose -l + 22 = -5*m - 17, 5*m = 5*l - 95. Calculate the highest common factor of l and g.
2
Let g = 32 + -18. Let k = g + 0. What is the greatest common divisor of 14 and k?
14
Let o(h) = h**2 + 4. Let q = 2 + -2. Let w be o(q). Suppose -w*j + j + 3 = 0. Calculate the highest common divisor of 2 and j.
1
Let j(h) = h**2 + 44*h + 363. Let d be j(-38). Suppose b - 8 - 19 = 0. Calculate the highest common divisor of b and d.
27
Let c(h) = 2*h**3 - 4*h**2 + h + 2. Let o be c(3). Suppose -3*p - o + 74 = 0. Calculate the greatest common divisor of 51 and p.
17
Let d = -48 + 68. Calculate the greatest common factor of 8 and d.
4
Let l be (3 - (-2 - -1)) + 2. Calculate the greatest common divisor of l and 15.
3
Suppose 3*f + p = f + 19, 2*f - 3*p - 7 = 0. Let c = f + 1. Let n be 4*2 + (-9)/(-9). What is the greatest common divisor of c and n?
9
Suppose -s - 1 = 4*r - 5, -3*r - 3*s = -12. Let y = -2 - -3. Let f = y - r. Calculate the greatest common divisor of 4 and f.
1
Let c(n) = 2*n**2 + 3*n - 2. Let u be c(-3). Let b = -8 - -13. Let v = -4 + b. What is the greatest common factor of v and u?
1
Suppose 7*u - 4*v - 129 = 2*u, v + 126 = 5*u. What is the greatest common divisor of u and 75?
25
Let m = 7 + -6. Let t be (4/12)/(m/6). Suppose 5 = t*b - 25. Calculate the highest common divisor of 6 and b.
3
Let z = 17 + 4. Let a = 1 + 5. Let d be 2/4*a + z. What is the greatest common factor of d and 3?
3
Suppose 0*u + 48 = 3*w - 2*u, 0 = -4*w + 4*u + 64. Let a be -1 + (3 - -75) + 3. What is the highest common factor of a and w?
16
Let f be 8/(-12) + 35/3. Calculate the greatest common factor of f and 11.
11
Let v = 775 - 456. Let h = 23 - -6. Calculate the highest common factor of h and v.
29
Suppose 396 = -k + 5*k. What is the highest common factor of 11 and k?
11
Suppose 0*h + 4*n = -h + 77, h - n - 67 = 0. What is the greatest common factor of 23 and h?
23
Let p(s) = -s**3 + 2*s**2 - 7*s - 5. Let w be p(7). Let t = 179 + w. Let n = t - -170. What is the highest common factor of n and 5?
5
Let o be 11 + 5/((-10)/(-4)). Suppose -4*t - 7*c + 3*c = -52, 3*t = -5*c + 39. Calculate the highest common divisor of t and o.
13
Suppose -5*j + 772 - 57 = 0. What is the greatest common divisor of j and 13?
13
Let q = -9 - -15. Let b = q - -6. What is the greatest common factor of 84 and b?
12
Suppose 5*o - 2*u = 190, 2*u = -5*o - 0*u + 210. Let c be ((-16)/o)/(2/(-10)). Let s = -3 - -7. Calculate the greatest common divisor of s and c.
2
Let s = -127 - -138. What is the highest common divisor of s and 121?
11
Let x(t) = t**3 - 8*t**2 + t. Let i be x(8). Let y(w) = -w**2 + 9*w - 8. Let p be y(9). Let d = 16 + p. What is the greatest common factor of i and d?
8
Let d(i) = i**2 + 5*i + 6. Let w be d(-4). Let m be (-24)/(w/4 - 2). Let l be ((-1)/3)/(2/(-24)). Calculate the greatest common factor of m and l.
4
Let p(j) = j - 10. Let g be (-2)/3 - (-2)/3. Let d be p(g). Let y be (-16)/d*(-55)/(-2). Calculate the greatest common divisor of y and 11.
11
Suppose 0*m + 5*m = 25. Suppose -a = -4*s - 64, -a + m*a - 319 = -5*s. Let q be 0/6 - (-1 - a). Calculate the highest common factor of q and 7.
7
Suppose u = 3*o - 17, -2 = 5*o + 2*u - 12. Let x be ((-22)/4)/(o/(-8)). What is the highest common divisor of 1 and x?
1
Suppose -b = 2*j - 2*b - 12, -4*b = 8. Calculate the greatest common factor of j and 5.
5
Let f be -3 + 1 + (7 - 4). Let i be (-7)/(f + (-4)/3). Suppose -2*d + 28 = 2*o + 2*o, 0 = -3*o + 2*d + i. What is the greatest common factor of 35 and o?
7
Suppose -3*o = o - 96. Suppose 10*k - 30 = 5*k. Calculate the highest common divisor of o and k.
6
Let f(l) = l**2 - 2*l + 2. Let k be (-4)/(-3)*6/4. Let y be f(k). Suppose -y*r + 16 = -4. What is the highest common divisor of 10 and r?
10
Suppose 7*r + 22 - 92 = 0. What is the greatest common factor of r and 5?
5
Let u be 2 - (-2 - 0 - -2). Let z be (-54)/((-3)/(-6) - u). What is the highest common factor of z and 12?
12
Suppose 0 = c + 2, 0*p - 5*p = 3*c + 141. Let r = 77 - p. Let d be 10/1 + (-3 - -6). Calculate the greatest common divisor of d and r.
13
Suppose 7*y = 12*y - 285. Suppose y = 4*t - 39. What is the highest common factor of 6 and t?
6
Suppose 0 = -4*z - 0*z + 52. Suppose -65 = -24*c + 23*c. Calculate the highest common divisor of c and z.
13
Suppose -y = -4*k - 4*y + 12, -3*k + 4*y + 34 = 0. Calculate the greatest common divisor of k and 48.
6
Suppose -3*p = 2*y - 7*y - 26, -18 = -p - 3*y. Suppose 0 = 5*f + r - 0*r - 179, 3*r = -5*f + 177. Calculate the highest common divisor of f and p.
12
Let k = -2 - -5. Suppose -4*x = -m - 298, -x + 